{"id":3246,"date":"2022-05-14T15:56:09","date_gmt":"2022-05-14T15:56:09","guid":{"rendered":"https:\/\/anchor-travel.com\/?post_type=product&#038;p=3246"},"modified":"2022-05-14T16:03:00","modified_gmt":"2022-05-14T16:03:00","slug":"parklane-hotel","status":"publish","type":"product","link":"https:\/\/anchor-travel.ro\/?product=parklane-hotel","title":{"rendered":"PARKLANE HOTEL"},"content":{"rendered":"<p>\u2b50\ufe0f\u2b50\ufe0f\u2b50\ufe0f\u2b50\ufe0f\u2b50\ufe0f<\/p>\n<p>Este amplasat \u00een mijlocul unor gr\u0103dini imense, la 15 km de centrul istoric al ora\u0219ului Limassol.<\/p>\n<p><strong>Facilit\u0103\u021bi: <\/strong>\u00a0schimb valutar, camer\u0103 de bagaje, serviciu de concierge, serviciu de v\u00e2nzare bilete, transfer la aeroport contra cost, lift, ziare, seif, magazine, aer condi\u0163ionat, incalzire, transfer la aeroport contra cost, \u00eenchirieri auto, capela\/altar, magazin de suveniruri\/cadouri, salon de frumuse\u021be, facilit\u0103\u0163i VIP \u00een camer\u0103, facilit\u0103\u0163i pentru persoane cu mobilitate redus\u0103, camere pentru nefum\u0103tori, bar, snack bar, room service, minimarket, mic dejun \u00een camera, bufet pentru copii, meniuri cu diete speciale la cerere, cafenea, meniu pentru copii, bar la piscin\u0103, WiFi gratuit, parcare gratuit\u0103 f\u0103r\u0103 rezervare, gr\u0103din\u0103, teras\u0103, s\u0103li de conferin\u021b\u0103 \u015fi petreceri, centru de afaceri, fax\/copiator, menaj zilnic, lustruire pantofi<\/p>\n<p><span style=\"color: #800000;\"><strong>Cazare: <\/strong>fiecare camera are in dotare: aer condi\u0163ionat, seif, incalzire, priza langa pat, mini bar, izolare fonic\u0103, telefon, fier de calcat, serviciu de trezire, birou,\u00a0 TV cu ecran plat \u0219i canale prin cablu\/satelit, sta\u021bie de andocare iPod, cana fierbator, ma\u0219in\u0103 de cafea, WiFi gratuit, baie cu du\u0219, toalet\u0103, halate de baie, usc\u0103tor de p\u0103r, papuci de cas\u0103.<\/span><\/p>\n","protected":false},"excerpt":{"rendered":"<p>de la <strong>2025 Euro\/persoan\u0103<\/strong>, loc \u00een camer\u0103 deluxe cu vedere\u00a0 la mare \u0219i mic dejun\/pachet servicii<br \/>\n<strong>date de plecare : 18, 25 iunie, 09 iulie, 24 septembrie, 01 octombrie<\/strong><\/p>\n<p>de la <strong>2250\u00a0 Euro\/persoan\u0103<\/strong>, loc \u00een camer\u0103 deluxe cu vedere \u00a0la mare \u0219i mic dejun\/pachet servicii<br \/>\n<strong>date de plecare : 16, 23 iulie, 20 august, 03, 10 septembrie\u00a0<\/strong><\/p>\n<p>de la <strong>1900 Euro\/persoan\u0103<\/strong>, loc \u00een camer\u0103 deluxe cu vedera la mare \u0219i mic dejun\/pachet servicii<br \/>\n<strong>date de plecare : 06, 27 august<\/strong><\/p>\n<p><strong>Servicii incluse:<\/strong><br \/>\n\u25d9 bilet de avion curs\u0103 charter Bucure\u0219ti &#8211; Larnaca \u0219i retur cu taxele de aeroport incluse<br \/>\n\u25d9 cazare 7 nop\u021bi \u00een camer\u0103 dubl\u0103 clasic cu vedere par\u021bial\u0103 la mare \u0219i cu mic dejun<br \/>\n\u25d9 transfer de grup aeroport &#8211; hotel &#8211; aeroport<br \/>\n\u25d9 asisten\u021b\u0103 turistic\u0103<\/p>\n<p><strong>Nu sunt incluse: <\/strong><\/p>\n<p>asigurare medical\u0103 de c\u0103l\u0103torie \u0219i asigurare STORNO cu protec\u021bie COVID-19 inclus\u0103<br \/>\ntaxa de ora\u0219 (se achit\u0103 direct la recep\u021bia hotelului)<br \/>\nexcursiile op\u021bionale \u0219i intr\u0103rile la obiective turistice<\/p>\n<p>Detalii suplimentare \u0219i rezerv\u0103ri la<br \/>\ne-mail:<strong><span style=\"color: #800000;\"><a style=\"color: #800000;\" href=\"mailto:incoming@anchor-travel.ro\" target=\"_blank\" rel=\"noopener\">outgoing@anchor-travel.ro<\/a><\/span><\/strong><span style=\"color: #000000;\"><br \/>\n<strong><span style=\"color: #800000;\">Tel: +40 21 529 77 51\/2\/3<\/span><\/strong><\/span><\/p>\n","protected":false},"featured_media":3230,"template":"","meta":[],"product_cat":[23],"product_tag":[],"class_list":{"0":"post-3246","1":"product","2":"type-product","3":"status-publish","4":"has-post-thumbnail","6":"product_cat-uncategorized","8":"first","9":"instock","10":"shipping-taxable","11":"product-type-simple"},"_links":{"self":[{"href":"https:\/\/anchor-travel.ro\/index.php?rest_route=\/wp\/v2\/product\/3246","targetHints":{"allow":["GET"]}}],"collection":[{"href":"https:\/\/anchor-travel.ro\/index.php?rest_route=\/wp\/v2\/product"}],"about":[{"href":"https:\/\/anchor-travel.ro\/index.php?rest_route=\/wp\/v2\/types\/product"}],"version-history":[{"count":1,"href":"https:\/\/anchor-travel.ro\/index.php?rest_route=\/wp\/v2\/product\/3246\/revisions"}],"predecessor-version":[{"id":3250,"href":"https:\/\/anchor-travel.ro\/index.php?rest_route=\/wp\/v2\/product\/3246\/revisions\/3250"}],"wp:featuredmedia":[{"embeddable":true,"href":"https:\/\/anchor-travel.ro\/index.php?rest_route=\/wp\/v2\/media\/3230"}],"wp:attachment":[{"href":"https:\/\/anchor-travel.ro\/index.php?rest_route=%2Fwp%2Fv2%2Fmedia&parent=3246"}],"wp:term":[{"taxonomy":"product_cat","embeddable":true,"href":"https:\/\/anchor-travel.ro\/index.php?rest_route=%2Fwp%2Fv2%2Fproduct_cat&post=3246"},{"taxonomy":"product_tag","embeddable":true,"href":"https:\/\/anchor-travel.ro\/index.php?rest_route=%2Fwp%2Fv2%2Fproduct_tag&post=3246"}],"curies":[{"name":"wp","href":"https:\/\/api.w.org\/{rel}","templated":true}]}}